the prime factors of q?
2
Let r be (-5 - -3) + 7 + 1. Suppose 2*a - 18 = -a. List the prime factors of (-1)/r - (-25)/a.
2
Let n be (-2)/10 + (-438)/(-15). Let i = n - 19. List the prime factors of i.
2, 5
Let h(r) = 67*r + 21. What are the prime factors of h(4)?
17
Suppose 3*i + 3 = -3*w, 6*w - 3*w - 4*i - 18 = 0. Suppose -t + w*z = -4, 3*t + 4*z - 2 = 40. What are the prime factors of t?
2, 5
Suppose 8*k - 5*k = 60. Suppose -b - 6 = -k. List the prime factors of b.
2, 7
Suppose 3*u = l - 10, -3*u - u = 12. Let g(k) = 30*k**2 - k + 2. List the prime factors of g(l).
31
List the prime factors of (-4)/(-10) + 1516/10.
2, 19
Let a be (-2)/(-3)*-3 - -5. Let y(o) = -o**3 + 7*o**2 - o + 2. List the prime factors of y(a).
5, 7
Let b(h) = h**3 + 3*h**2 - 6*h - 1. What are the prime factors of b(-4)?
7
Let i(o) = 7*o + 4. Let f be i(-4). What are the prime factors of 1*3/(-6)*f?
2, 3
Suppose i - 1 = b, b + 5 = 5*i - 4. Let l(x) = 4*x - 6. Let k(u) = 1. Let r(o) = 5*k(o) + l(o). What are the prime factors of r(b)?
3
Suppose -2*a = 3*a - 5. List the prime factors of a/(1 - (-4)/(-6)).
3
Let b(h) be the second derivative of h**4 - h**3/6 - h. Let m(g) = 2*g**3 - 8*g**2 - 1. Let q be m(4). What are the prime factors of b(q)?
13
What are the prime factors of -20*(-6)/(12/10)?
2, 5
Suppose z + 426 = 4*t, 4*z + 149 + 271 = 4*t. What are the prime factors of t?
107
Suppose -2*s - 2 = 0, 4*d = 3*s + 12 + 11. Suppose d*v - 167 = 3*g, 5*g + 38 = 3*v - 75. List the prime factors of v.
31
Let j(o) = -o + 2. Suppose 2 = -3*n - 7. What are the prime factors of j(n)?
5
Let h(j) = -2*j + 1. Let i be h(2). Let g be (-12)/i*(0 - -1). Suppose -5*c + 79 = g*x - 0*x, -11 = -c + 4*x. List the prime factors of c.
3, 5
Let t(w) = w**3 + 2*w**2 - w - 2. Suppose -4*o = -0 + 8. Let k be t(o). Suppose 4*v + 16 - 44 = k. What are the prime factors of v?
7
Let v = -54 - 6. Let y = -34 - v. What are the prime factors of y?
2, 13
Let p be -1 - (-3)/(1 + -4). Let o be 0/(-1 - -1 - p). Suppose -4*d + 8 = o, -4*c = 8*d - 4*d - 36. What are the prime factors of c?
7
Let g = 3 - 2. List the prime factors of 0 + g - -1 - -3.
5
Suppose 4*s = 4*y - 36, y + 4*y + 2*s = 10. Suppose -y*i + 85 = i. What are the prime factors of i?
17
Let d(c) = c**2 - 4*c - 1. Let a be d(3). Let u = a + 7. Suppose -5*p = -4*r - 29, u*p + 2*p = -2*r + 53. List the prime factors of p.
3
Suppose 0 = r + 2*k - 4, 0 = -0*r - 4*r - 2*k - 2. Let f be 3 + 0 + 2 + r. Suppose 0 = -5*d - q + 10, -2*q = f*d - 3*q - 14. List the prime factors of d.
3
Suppose -2*c = -3*z - 5*c + 12, -24 = -5*z - c. Let i be 4/(-3)*6/4. What are the prime factors of (i - z)*-1*1?
7
Let u(z) = 4 + 2*z - 6*z - 1. What are the prime factors of u(-5)?
23
Let n = 331 + -234. What are the prime factors of n?
97
Let v(c) = -c**2 - 8*c - 5. Let p be v(-7). Suppose -3*w - 40 = -s - 174, -p*s = -2. What are the prime factors of w?
3, 5
Let v(h) be the first derivative of -3*h**2 - 2*h - 6. What are the prime factors of v(-6)?
2, 17
Let i(v) = 13*v**2 + 10*v - 30. What are the prime factors of i(5)?
3, 5, 23
Let q(l) = -2*l + 0 + 0*l - 2. Let w be q(-2). Suppose -5*n = -i - 13, -n - 3*n + w = -5*i. List the prime factors of n.
3
Suppose -3*s - 2*n = -15, -3*s - 5*n + 25 = 2*s. Let x = s - 13. Let v = -2 - x. List the prime factors of v.
2, 3
Let w(c) = 21*c**3 - 2*c + 1. Let h be w(1). Suppose h = -0*s + 2*s. What are the prime factors of s?
2, 5
Suppose 2*n = -0 - 2. Let k be 1*n/(3/(-87)). Suppose 2*c - 46 = 4*u, c + 0*c = 4*u + k. What are the prime factors of c?
17
Let c = -31 + 32. Let r(k) be the first derivative of 10*k**3/3 - k**2/2 - 2. What are the prime factors of r(c)?
3
Suppose -3*b = -34 - 8. Let q = 10 - b. Let t = q + 8. What are the prime factors of t?
2
Suppose 3*m + 2*m = 85. Suppose 0 = i + 5 - m. List the prime factors of 2 - (i/(-2) + -1).
3
Let l = 550 + -303. List the prime factors of l.
13, 19
What are the prime factors of ((-138)/(-8) + -1)*4?
5, 13
Let z = -15 + 28. What are the prime factors of z?
13
Let y = -5 - -10. Let h(p) = 3*p - 1. Let m be h(1). Let g = y - m. List the prime factors of g.
3
Let v(j) = -7*j**2 + 7*j - 6. Let f(s) = 4*s**2 - 4*s + 3. Let h(w) = 11*f(w) + 6*v(w). Suppose -16 = 5*r - 6. List the prime factors of h(r).
3
Let t(k) = 14*k**2 - k + 2. List the prime factors of t(1).
3, 5
Let f be 2/9 + 14/18. Let b = 7 + f. List the prime factors of b.
2
Let u(z) = z**2 + 1. What are the prime factors of u(4)?
17
Suppose 3*w = 15, 0 = p - 4*p + 3*w. Let k(s) = s**3 - 5*s**2 + s - 5. Let v be k(p). List the prime factors of (v - -1)/(2/22).
11
Let v = -11 + 53. List the prime factors of v.
2, 3, 7
What are the prime factors of 0 + 4*(-12)/(-16)?
3
Suppose 3*l + 5*g - 62 = 0, 3*l - 6*g = -2*g + 80. What are the prime factors of l?
2, 3
Suppose t - 52 = 4*q, -5*t + 3*q + 182 = -t. What are the prime factors of t?
2, 11
Let p = 74 - 69. What are the prime factors of p?
5
Suppose 0*u = u + 2. Let i be (-8)/(-3) + u/3. List the prime factors of (-5)/(-3) - i/(-6).
2
Suppose 3*q + 4*g = 46, -45 = -2*q - q - 3*g. What are the prime factors of q?
2, 7
List the prime factors of (-262)/(-6) + 1/3.
2, 11
Let u = 11 + -12. Let r = 12 + u. List the prime factors of r.
11
Suppose -3*p + 196 = 2*p - 4*i, -2*p + 3*i + 77 = 0. List the prime factors of p.
2, 5
Let t = -183 + 396. What are the prime factors of t?
3, 71
Suppose 152 = 5*g + o, 4*g - 5*o - 110 = -0*o. List the prime factors of g.
2, 3, 5
Suppose 3*z + 5*p - 18 - 38 = 0, -2*z - p = -28. What are the prime factors of z?
2, 3
Let m be (0 - 1)/((-1)/3). Suppose 0*v - 3 = -v, u - m*v = -1. What are the prime factors of u?
2
Let x(i) = 6*i**2 - 16*i + 12. List the prime factors of x(7).
2, 97
Suppose 0 = -5*i + 5*t - t + 974, -579 = -3*i - 3*t. List the prime factors of i.
2, 97
Let s be (9/4)/((-3)/(-8)). Suppose p - s*p + 60 = 0. List the prime factors of p.
2, 3
Let j(p) = -p**2 - 20*p - 22. List the prime factors of j(-15).
53
Let c be (-30)/(-4)*60/18. Suppose -c = -5*v, 3*v + 90 = -0*k + 5*k. List the prime factors of k.
3, 7
Let l(u) = -20*u**3 - 4 + 3 - 8*u - 2*u**2 + 6*u. What are the prime factors of l(-1)?
19
Suppose -w - o = -10, 6*o - 2*o = 0. Suppose 26 - w = 4*i + 2*q, q + 16 = 4*i. What are the prime factors of i?
2
Suppose 2*h + 0*h - w - 127 = 0, 5*w = -25. What are the prime factors of h?
61
Suppose -l = -5*l + 20. Suppose 0*q = l*q - 25. Suppose 0 = 4*j + r - 26, -16 = q*r - 6. List the prime factors of j.
7
Suppose 10 = -5*a + 90. Suppose -a = -2*j - 3*v + 6, -5*v = j - 18. What are the prime factors of j?
2
Let a(y) = -1 + 4 - y - 3. Let l be a(3). What are the prime factors of -1*(33/l - 2)?
13
Let b(f) = -3*f + 2. Suppose 9*t = 4*t - 20. Let s be b(t). Suppose 5*l = 4*o - 2*o + s, 0 = -3*l + 5*o - 3. What are the prime factors of l?
2
Let z(s) = 3*s + 0*s + 0 - 1 - 4*s. Let a(f) = -f**2 - 3*f - 3. Let v be a(-3). What are the prime factors of z(v)?
2
Let l = -14 + 29. List the prime factors of l.
3, 5
Let n = 24 - 76. Let w = 93 + n. List the prime factors of w.
41
What are the prime factors of (-4 - -7)*(-248)/(-12)?
2, 31
Suppose 2*s + 5*r = 350, 2*s + 2*r - 346 = -2*r. What are the prime factors of s?
3, 5, 11
Suppose 5*x = -9*x + 2674. List the prime factors of x.
191
Suppose 0 = -7*b + 8*b - 77. What are the prime factors of b?
7, 11
Let c = -13 - -23. Suppose 6*d + 56 = c*d. What are the prime factors of d?
2, 7
Let j(h) = -h**2 + 64. What are the prime factors of j(0)?
2
Let s(c) = -c + 4. Let l be s(10). List the prime factors of l/4*-14 + 1.
2, 11
Let j be 13/3 - 8/(-12). Suppose j*b - 92 = 3*b. Suppose -3*c + q - b = -8*c, 0 = -c + q + 8. What are the prime factors of c?
3
Let o = -11 - -3. Let u = -2 - o. List the prime factors of u.
2, 3
Suppose 2*q + p = 109, -q + 64 = 3*p + 22. What are the prime factors of q?
3, 19
Suppose 2*g = -0*g - 10. Let v = g + 7. List the prime factors of v.
2
Let z = -5 - -7. Suppose 3*j + c = 18, -z*c = -j + 2*c - 7. What are the prime factors of j?
5
Let b(z) = -z**3 - 11*z**2 + 14*z - 11. Let o be b(-12). Let j = -9 - o. What are the prime factors of j?
2, 13
Let h(s) = s**2 + 10*s + 5. Let y be h(-10). Suppose 0*m + y*f - 51 = -m, 0 = -3*f + 15. List the prime factors of m.
2, 13
Let h = -15 + 9. Le